01?
7
What is the ten thousands digit of 206707?
0
What is the units digit of 361815?
5
What is the units digit of 2026116?
6
What is the thousands digit of 249444?
9
What is the tens digit of 970518?
1
What is the units digit of 184582?
2
What is the millions digit of 26122487?
6
What is the tens digit of 3691427?
2
What is the tens digit of 1153232?
3
What is the tens digit of 762116?
1
What is the thousands digit of 1905423?
5
What is the units digit of 13186505?
5
What is the tens digit of 87423?
2
What is the tens digit of 295757?
5
What is the hundreds digit of 7960318?
3
What is the tens digit of 894?
9
What is the hundred thousands digit of 279995?
2
What is the thousands digit of 2998838?
8
What is the hundred thousands digit of 424613?
4
What is the ten thousands digit of 192050?
9
What is the hundred thousands digit of 647412?
6
What is the units digit of 96775?
5
What is the thousands digit of 590769?
0
What is the ten millions digit of 15568868?
1
What is the hundreds digit of 6535851?
8
What is the thousands digit of 3677787?
7
What is the tens digit of 382647?
4
What is the thousands digit of 302326?
2
What is the ten thousands digit of 492137?
9
What is the ten thousands digit of 7277115?
7
What is the thousands digit of 272530?
2
What is the tens digit of 5705255?
5
What is the ten thousands digit of 4286455?
8
What is the units digit of 198054?
4
What is the ten thousands digit of 186263?
8
What is the tens digit of 743290?
9
What is the hundreds digit of 85378?
3
What is the tens digit of 88946?
4
What is the tens digit of 71348?
4
What is the hundred thousands digit of 1380133?
3
What is the thousands digit of 211651?
1
What is the tens digit of 191136?
3
What is the hundred thousands digit of 7626231?
6
What is the hundred thousands digit of 415907?
4
What is the units digit of 427852?
2
What is the millions digit of 3364881?
3
What is the hundred thousands digit of 144142?
1
What is the hundred thousands digit of 31447405?
4
What is the hundred thousands digit of 471388?
4
What is the hundreds digit of 221205?
2
What is the units digit of 13767983?
3
What is the hundred thousands digit of 774677?
7
What is the hundreds digit of 339531?
5
What is the ten thousands digit of 2672438?
7
What is the tens digit of 934582?
8
What is the tens digit of 159183?
8
What is the units digit of 2774404?
4
What is the hundred thousands digit of 169584?
1
What is the units digit of 8523417?
7
What is the millions digit of 13674832?
3
What is the thousands digit of 443732?
3
What is the hundreds digit of 296635?
6
What is the hundred thousands digit of 898789?
8
What is the hundred thousands digit of 3302332?
3
What is the ten thousands digit of 19420874?
2
What is the thousands digit of 1183?
1
What is the units digit of 17926531?
1
What is the thousands digit of 3680917?
0
What is the hundreds digit of 1645013?
0
What is the millions digit of 1091412?
1
What is the hundred thousands digit of 1578526?
5
What is the ten thousands digit of 21122?
2
What is the hundreds digit of 2507728?
7
What is the units digit of 1703361?
1
What is the thousands digit of 701730?
1
What is the hundreds digit of 3077665?
6
What is the hundreds digit of 234747?
7
What is the tens digit of 60483?
8
What is the hundred thousands digit of 153782?
1
What is the hundred thousands digit of 1281368?
2
What is the hundreds digit of 161726?
7
What is the ten thousands digit of 67996?
6
What is the hundred thousands digit of 251869?
2
What is the millions digit of 1307766?
1
What is the millions digit of 2519115?
2
What is the hundreds digit of 268390?
3
What is the thousands digit of 3714223?
4
What is the ten thousands digit of 1833545?
3
What is the thousands digit of 12566551?
6
What is the tens digit of 115460?
6
What is the hundred thousands digit of 207344?
2
What is the tens digit of 530539?
3
What is the tens digit of 1622846?
4
What is the thousands digit of 2797952?
7
What is the ten millions digit of 12298867?
1
What is the units digit of 354999?
9
What is the thousands digit of 2326285?
6
What is the hundreds digit of 3268728?
7
What is the thousands digit of 1779298?
9
What is the tens digit of 22930182?
8
What is the tens digit of 6618974?
7
What is the ten thousands digit of 191222?
9
What is the millions digit of 15536980?
5
What is the tens digit of 642662?
6
What is the tens digit of 1644958?
5
What is the hundred thousands digit of 255216?
2
What is the ten thousands digit of 9979635?
7
What is the tens digit of 5799865?
6
What is the ten thousands digit of 270320?
7
What is the thousands digit of 612490?
2
What is the units digit of 316670?
0
What is the tens digit of 523856?
5
What is the units digit of 237791?
1
What is the units digit of 477566?
6
What is the thousands digit of 612721?
2
What is the thousands digit of 130664?
0
What is the hundreds digit of 27923?
9
What is the hundreds digit of 942451?
4
What is the tens digit of 233430?
3
What is the hundreds digit of 9624564?
5
What is the hundred thousands digit of 933794?
9
What is the ten thousands digit of 193231?
9
What is the millions digit of 4228358?
4
What is the ten thousands digit of 2644243?
4
What is the thousands digit of 38892003?
2
What is the units digit of 217544?
4
What is the hundreds digit of 113467?
4
What is the units digit of 568098?
8
What is the thousands digit of 13345654?
5
What is the thousands digit of 800389?
0
What is the hundreds digit of 4985508?
5
What is the hundreds digit of 41561?
5
What is the thousands digit of 10863480?
3
What is the tens digit of 1327694?
9
What is the thousands digit of 38627?
8
What is the hundreds digit of 330787?
7
What is the millions digit of 7623058?
7
What is the ten thousands digit of 3243074?
4
What is the hundreds digit of 299394?
3
What is the hundreds digit of 1184275?
2
What is the hundreds digit of 290942?
9
What is the ten thousands digit of 544631?
4
What is the hundred thousands digit of 650583?
6
What is the tens digit of 59782?
8
What is the hundred thousands digit of 21918899?
9
What is the thousands digit of 13580369?
0
What is the thousands digit of 54924?
4
What is the hundred thousands digit of 416029?
4
What is the tens digit of 43153?
5
What is the tens digit of 7407602?
0
What is the ten thousands digit of 1699190?
9
What is the units digit of 760233?
3
What is the tens digit of 183095?
9
What is the tens digit of 1239312?
1
What is the ten thousands digit of 87167?
8
What is the thousands digit of 5157961?
7
What is the tens digit of 30584470?
7
What is the tens digit of 56064?
6
What is the tens digit of 509782?
8
What is the hundred thousands digit of 2076139?
0
What is the tens digit of 55724?
2
What is the tens digit of 1754875?
7
What is the units digit of 1753348?
8
What is the thousands digit of 1271084?
1
What is the hundred thousands digit of 2559882?
5
What is the thousands digit of 14738243?
8
What is the hundreds digit of 209269?
2
What is the tens digit of 72380?
8
What is the thousands digit of 4358949?
8
What is the ten thousands digit of 2127303?
2
What is the thousands digit of 4008671?
8
What is the units digit of 360997?
7
What is the tens digit of 7992438?
3
What is the hundred thousands digit of 620346?
6
What is the units digit of 69113?
3
What is the hundreds digit of 2086766?
7
What is the hundred thousands digit of 3143118?
1
What is the tens digit of 1170853?
5
What is the thousands digit of 70969?
0
What is the tens digit of 2076444?
4
What is the tens digit of 860458?
5
What is the units digit of 6559908?
8
What is the hundreds digit of 75665?
6
What is the hundreds digit of 1063679?
6
What is the units digit of 817051?
1
What is the thousands digit of 2918051?
8
What is the units digit of 1000237?
7
What is the millions digit of 9732841?
9
What is the units digit of 19935286?
6
What is the hundreds digit of 723516?
5
What is the tens digit of 394053?
5
What is the hundred thousands digit of 193028?
1
What is the units digit of 4344704?
4
What is the ten millions digit of 25622118?
2
What is the tens digit of 305842?
4
What is the hundred thousands digit of 3764649?
7
What is the hundred thousands digit of 1310227?
3
What is the hundreds digit of 6555058?
0
What is the ten